{"id":184,"date":"2025-11-07T17:09:50","date_gmt":"2025-11-07T17:09:50","guid":{"rendered":"https:\/\/aromasybarricas.com\/?page_id=184"},"modified":"2025-11-07T17:12:13","modified_gmt":"2025-11-07T17:12:13","slug":"cata-premium","status":"publish","type":"page","link":"https:\/\/aromasybarricas.com\/index.php\/cata-premium\/","title":{"rendered":"Cata premium"},"content":{"rendered":"\n<p>Nuestra Cata Premium te invita a un recorrido sensorial por vinos de autor y ediciones limitadas.<br>Cada copa es una historia de pasi\u00f3n, territorio y tradici\u00f3n.<br>Disfruta de una experiencia \u00fanica en un entorno elegante, acompa\u00f1ada de una cuidada selecci\u00f3n gastron\u00f3mica.<\/p>\n\n\n\n<figure class=\"wp-block-image size-large\"><img loading=\"lazy\" decoding=\"async\" width=\"1024\" height=\"683\" src=\"https:\/\/aromasybarricas.com\/wp-content\/uploads\/2025\/11\/stefan-schauberger-Zn4XV8rCqM-unsplash-1024x683.jpg\" alt=\"\" class=\"wp-image-186\" srcset=\"https:\/\/aromasybarricas.com\/wp-content\/uploads\/2025\/11\/stefan-schauberger-Zn4XV8rCqM-unsplash-1024x683.jpg 1024w, https:\/\/aromasybarricas.com\/wp-content\/uploads\/2025\/11\/stefan-schauberger-Zn4XV8rCqM-unsplash-300x200.jpg 300w, https:\/\/aromasybarricas.com\/wp-content\/uploads\/2025\/11\/stefan-schauberger-Zn4XV8rCqM-unsplash-768x512.jpg 768w, https:\/\/aromasybarricas.com\/wp-content\/uploads\/2025\/11\/stefan-schauberger-Zn4XV8rCqM-unsplash-1536x1024.jpg 1536w, https:\/\/aromasybarricas.com\/wp-content\/uploads\/2025\/11\/stefan-schauberger-Zn4XV8rCqM-unsplash-2048x1365.jpg 2048w, https:\/\/aromasybarricas.com\/wp-content\/uploads\/2025\/11\/stefan-schauberger-Zn4XV8rCqM-unsplash-600x400.jpg 600w\" sizes=\"auto, (max-width: 1024px) 100vw, 1024px\" \/><\/figure>\n\n\n\n<p>Incluye:<\/p>\n\n\n\n<ul class=\"wp-block-list\">\n<li>Cata guiada de 5 vinos premium con Denominaci\u00f3n de Origen.<\/li>\n\n\n\n<li>Explicaci\u00f3n de procesos de elaboraci\u00f3n, crianza y maridaje.<\/li>\n\n\n\n<li>Maridaje gourmet con quesos curados, foie, y chocolates artesanos.<\/li>\n\n\n\n<li>Obsequio de una copa conmemorativa Aromas y Barricas.<\/li>\n<\/ul>\n","protected":false},"excerpt":{"rendered":"<p>Nuestra Cata Premium te invita a un recorrido sensorial por vinos de autor y ediciones limitadas.Cada copa es una historia de pasi\u00f3n, territorio y tradici\u00f3n.Disfruta de una experiencia \u00fanica en un entorno elegante, acompa\u00f1ada de una cuidada selecci\u00f3n gastron\u00f3mica. Incluye:<\/p>\n","protected":false},"author":1,"featured_media":0,"parent":0,"menu_order":0,"comment_status":"closed","ping_status":"closed","template":"","meta":{"footnotes":""},"class_list":["post-184","page","type-page","status-publish","hentry"],"_links":{"self":[{"href":"https:\/\/aromasybarricas.com\/index.php\/wp-json\/wp\/v2\/pages\/184","targetHints":{"allow":["GET"]}}],"collection":[{"href":"https:\/\/aromasybarricas.com\/index.php\/wp-json\/wp\/v2\/pages"}],"about":[{"href":"https:\/\/aromasybarricas.com\/index.php\/wp-json\/wp\/v2\/types\/page"}],"author":[{"embeddable":true,"href":"https:\/\/aromasybarricas.com\/index.php\/wp-json\/wp\/v2\/users\/1"}],"replies":[{"embeddable":true,"href":"https:\/\/aromasybarricas.com\/index.php\/wp-json\/wp\/v2\/comments?post=184"}],"version-history":[{"count":3,"href":"https:\/\/aromasybarricas.com\/index.php\/wp-json\/wp\/v2\/pages\/184\/revisions"}],"predecessor-version":[{"id":188,"href":"https:\/\/aromasybarricas.com\/index.php\/wp-json\/wp\/v2\/pages\/184\/revisions\/188"}],"wp:attachment":[{"href":"https:\/\/aromasybarricas.com\/index.php\/wp-json\/wp\/v2\/media?parent=184"}],"curies":[{"name":"wp","href":"https:\/\/api.w.org\/{rel}","templated":true}]}}